**2 - 65*r - 386. What is w(14)?
-2080
Let l(d) = -3*d**2 + 98045*d - 3721377. Calculate l(38).
1
Let w(v) = -15*v**2 + 339*v - 976. Determine w(18).
266
Let n(q) = -q**3 - 5*q**2 + 178*q + 7. Calculate n(14).
-1225
Let x(q) = q**2 + 3144*q + 37571. What is x(-12)?
-13
Let r(n) = 75*n**3 - 3525*n**2 - 2*n + 27. Determine r(47).
-67
Let u(q) = q**2 - 155*q - 6433. Give u(188).
-229
Let d(u) = -138*u**2 - 3594*u - 180. Calculate d(-26).
-24
Let f(c) = 1405*c + 8362. Give f(-6).
-68
Let j(q) = -2*q**3 - 92*q**2 + 140*q + 2148. What is j(-47)?
-14
Let m(z) = 11*z**3 + 42*z**2 + 143*z + 300. What is m(-2)?
94
Let s(x) = -x**3 - 115*x**2 - 2270*x - 289. Give s(-25).
211
Let g(h) = 5963*h + 262396. What is g(-44)?
24
Let u(k) = -482*k**2 - 2046*k - 1804. Give u(-3).
-4
Let y(c) = -2081*c + 18804. Calculate y(9).
75
Let s(k) = k**2 + 3175*k - 47844. What is s(15)?
6
Let w(h) = -h**3 - 142*h**2 - 4725*h - 419. What is w(-89)?
293
Let h(k) = -k**3 + 652*k**2 + 10686*k - 28. Determine h(-16).
4
Let w(r) = 302438*r + 2721973. Determine w(-9).
31
Let u(s) = -s**2 - 7*s + 1606. Give u(-36).
562
Let c(t) = 2*t**3 - 479*t**2 - 702*t - 5075. Calculate c(241).
-14
Let r(t) = -13786*t - 399754. Give r(-29).
40
Let j(y) = -68398*y - 68464. Give j(-1).
-66
Let k(y) = -3*y**2 - 48378*y - 2699760. Calculate k(-56).
0
Let i(c) = 24834*c - 28832277. Determine i(1161).
-3
Let t(x) = -58*x - 1102. Give t(-37).
1044
Let k(o) = 4623*o + 716586. What is k(-155)?
21
Let z(g) = -128875*g + 13274133. Calculate z(103).
8
Let i(p) = p**2 - 121039*p + 2299379. Determine i(19).
-1
Let j(x) = -x**3 + 294*x**2 - 880*x + 2049. Give j(291).
12
Let g(f) = 9*f**2 + 215*f - 513. Give g(-25).
-263
Let c(d) = 290*d + 100069. What is c(-346)?
-271
Let t(u) = 12*u**2 - 412*u + 1199. Calculate t(3).
71
Let y(h) = 8*h**2 - 3973*h - 15867. Determine y(-4).
153
Let t(o) = o**2 - 116*o + 1455. What is t(18)?
-309
Let m(a) = -a**2 - 6357*a + 146745. Calculate m(23).
5
Let h(x) = -182*x**2 + 48048*x - 53. Determine h(264).
-53
Let a(h) = -1361*h + 204152. Calculate a(150).
2
Let b(p) = 8*p**3 - 48*p**2 - 232*p + 49. Give b(-6).
-2015
Let b(x) = 13*x**2 + 840*x + 11921. Give b(-21).
14
Let t(i) = i**2 + 11914*i + 5543046. What is t(-485)?
-19
Let d(t) = t**3 - 101*t**2 + 705*t + 11338. Give d(92).
22
Let s(y) = 30385*y + 151499. Calculate s(-5).
-426
Let x(i) = 8*i**2 - 1643*i + 23000. Give x(14).
1566
Let v(k) = -74621*k - 1567026. Give v(-21).
15
Let h(r) = -r**3 + 16*r**2 + 5408*r + 361. What is h(82)?
33
Let k(m) = -737*m - 12188. Give k(-17).
341
Let z(d) = -2094*d - 228378. Calculate z(-109).
-132
Let y(l) = 2326*l - 53471. Determine y(23).
27
Let p(r) = 17*r**2 + 821*r + 1028. Calculate p(-47).
-6
Let h(x) = -x**3 - 30*x**2 - 221*x - 7854. What is h(-31)?
-42
Let w(q) = 7245*q + 8095. Give w(-1).
850
Let f(s) = s**3 + 15*s**2 + 315*s + 4921. Give f(-16).
-375
Let t(n) = -12*n**2 + 1845*n - 20039. Determine t(142).
-17
Let k(w) = -w**3 - 13*w**2 + 9*w + 405. What is k(-10)?
15
Let x(c) = 4*c**3 + 615*c**2 - 745*c + 4672. What is x(-155)?
22
Let p(o) = -190*o - 3766. Determine p(-22).
414
Let c(q) = -912*q**2 + 78. What is c(0)?
78
Let o(q) = 403*q**2 - 8470*q + 267. Determine o(21).
120
Let j(o) = -o**2 - 36378*o - 1344623. Determine j(-37).
-6
Let h(s) = 173*s**2 + 691*s + 86. Give h(-4).
90
Let n(p) = 2*p**3 - 26*p**2 - 11*p + 11. Give n(11).
-594
Let b(h) = 63078*h + 1198504. Give b(-19).
22
Let v(k) = 2*k**2 + 180863*k + 10663953. Determine v(-59).
-2
Let w(j) = j**2 + 6386*j + 10157229. What is w(-2998)?
5
Let b(i) = -11*i**2 - 897*i - 4448. Give b(-5).
-238
Let j(r) = -5*r**2 + 220*r + 12715. Determine j(77).
10
Let h(x) = -2*x**3 + 12*x**2 - 54*x + 670. Calculate h(8).
-18
Let t(o) = 824*o + 8377. What is t(-11)?
-687
Let i(x) = -50764*x + 304573. Give i(6).
-11
Let o(s) = 4*s**3 - 870*s - 820. What is o(0)?
-820
Let d(q) = 13212*q - 264325. Calculate d(20).
-85
Let o(d) = -2*d**2 - 2020*d + 128425. Give o(60).
25
Let q(r) = -2*r**2 - 3353*r - 237160. What is q(-74)?
10
Let n(s) = -31*s**3 + 5*s**2 + 34*s + 41. Calculate n(-2).
241
Let p(j) = 806*j**2 + 16073*j - 946. Determine p(-20).
-6
Let h(k) = 151*k**2 - 481*k + 6. What is h(3)?
-78
Let f(q) = q**2 - 804172*q + 25732475. What is f(32)?
-5
Let v(r) = -867*r + 71963. Calculate v(82).
869
Let u(c) = 18*c**2 - 1696*c + 9522. Calculate u(6).
-6
Let n(d) = 95098*d + 855888. Determine n(-9).
6
Let a(h) = h**3 + 40*h**2 + 8*h + 1116. What is a(-40)?
796
Let v(y) = 49263*y - 1477880. What is v(30)?
10
Let v(o) = 236*o + 469. What is v(-5)?
-711
Let v(g) = -g**3 + 38*g**2 + 200*g - 1202. What is v(42)?
142
Let y(o) = -o**2 + 3930*o - 197834. What is y(51)?
-5
Let a(l) = -3849*l + 22353. Determine a(5).
3108
Let b(v) = -v**3 - 26*v**2 + 1679*v - 2470. Calculate b(29).
-34
Let f(b) = -66725*b - 867558. Determine f(-13).
-133
Let o(n) = -2*n**2 - 19*n + 1190. What is o(0)?
1190
Let c(v) = 38305*v - 536257. Determine c(14).
13
Let z(i) = -i**3 - 7*i**2 - 3*i + 138. Give z(-8).
226
Let a(u) = -57*u**2 + 25886*u - 106208. Determine a(450).
-8
Let t(m) = 4*m**3 - 380*m**2 + 4533*m + 243. Calculate t(81).
0
Let t(c) = -c**2 + 1741*c + 35085. Calculate t(-20).
-135
Let v(u) = -9539*u + 171709. Give v(18).
7
Let u(y) = y**3 - 21*y**2 - 449*y + 3. What is u(0)?
3
Let h(x) = 2*x**2 - 258*x - 799. Calculate h(-3).
-7
Let v(r) = -8959*r - 743527. Calculate v(-83).
70
Let u(z) = 6*z**3 - 5*z**2 + 1526*z - 4497. Determine u(3).
198
Let a(g) = 2*g**3 - 69*g**2 + 620*g - 2785. Give a(24).
-1
Let p(l) = -2*l**3 + 24*l**2 + 897*l + 2. Determine p(-16).
-14
Let h(i) = i**3 - 516*i**2 - 487*i + 516025. Give h(515).
-5
Let y(u) = -15*u**2 - 397*u + 9. Give y(-23).
1205
Let l(u) = 67*u**2 - 928*u - 124. Determine l(14).
16
Let s(d) = -41*d - 249. Determine s(-7).
38
Let k(x) = -522*x - 162881. Calculate k(-312).
-17
Let b(p) = 29*p**2 - 4094*p - 2712. Give b(142).
696
Let t(g) = -35*g**2 + 96*g + 29. Give t(3).
2
Let r(a) = 73*a + 78303. Calculate r(-1073).
-26
Let s(v) = -14*v**2 + 277*v - 800. Calculate s(16).
48
Let v(p) = 7*p**2 + 234*p - 793. Determine v(-36).
-145
Let g(d) = 4191*d - 16303. Give g(4).
461
Let q(f) = -290*f**2 - 5807*f - 142. What is q(-20)?
-2
Let t(l) = -2306*l + 9694. Give t(4).
470
Let n(t) = -t**3 - 24*t**2 - 51*t + 940. Calculate n(-15).
-320
Let v(m) = -124505*m + 1369564. What is v(11)?
9
Let u(z) = 14650*z + 146480. Calculate u(-10).
-20
Let x(d) = -d**2 - 3731*d - 195038. Give x(-53).
-104
Let u(m) = 1237*m - 17272. Give u(14).
46
Let n(u) = u**3 + 21*u**2 + 178*u + 726. What is n(-12)?
-114
Let l(q) = 66*q**2 + 501*q + 990. Calculate l(-2).
252
Let t(o) = -78*o**2 + 3217*o - 790. Give t(41).
-11
Let w(h) = -38*h**3 - 2*h**2 - 398*h - 780. Calculate w(-2).
312
Let o(u) = -28*u**3 + 2*u**2 + 150*u + 772. Give o(-5).
3572
Let l(b) = -91*b**2 + 1175*b - 33. Determine l(13).
-137
Let t(s) = -3*s**3 - 44*s**2 + 338*s + 5123. Determine t(-14).
-1
Let g(x) = 2*x**3 - 18*x**2 + 55*x - 52. Calculate g(8).
260
Let n(v) = 2558*v - 46057. Determine n(18).
-13
Let j(y) = 10*y**2 - 634*y + 294. Determine j(63).
42
Let l(n) = 23933*n**2 + 1340250*n + 91. Determine l(-56).
-21
Let v(b) = b**3 - 1831*b**2 - 182981*b - 1035. Give v(-95).
10
Let w(a) = 49*a**2 - 655*a + 1907. Give w(5).
-143
Let x(g) = 319*g + 11018. Give x(-33).
491
Let b(l) = 84*l**2 + 405*l - 68. Give b(-7).
1213
Let z(y) = -y**3 + 229*y**2 + 5259*y - 1949. Determine z(250).
301
Let b(a) = 54472*a - 1143904. Give b(21).
8
Let r(l) = -164*l - 13543. What is r(-83)?
69
Let p(t) = 7*t**2 + 1004*t + 5329. Give p(-138).
85
Let h(x) = 76*x - 1852. Give h(8).
-1244
Let f(z) = -z**3 - 484*z**2 - 47952*z + 137. Calculate f(-139).
-280
Let n(x) = 100*x**3 + 52011*x**2 + 5719*x - 520. Calculate n(-520).
0
Let c(q) = -q**2 + 94*q + 5952. What is c(117)?
3261
Let c(b) = -3*b**3 + 1039*b**2 - 17103*b - 1647. Determine c(329).
-2
Let p(x) = -x**2 + 12067*x + 2653095. Determine p(-216).
-33
Let u(l) = 2*l**2 - 3*l - 788. Determine u(20).
-48
Let c(j) = -21625*j - 6357754. Calculate c(-294).
-4
Let o(f) = 5*f**2 - 231*f + 969. What is o(43)?
281
Let j(s) = -125894*s - 1762520. Give j(-14).
-4
Let g(k) = -7*k**2 + 650*k + 1429. Give g(95).
4
Let v(d) = -527076*d - 54815906. Give v(-104).
-2
Le